8)/z. Let n = -142 + 241. Calculate the highest common divisor of n and w.
9
Let y(d) = d + 9. Let m be y(-4). Suppose m*s = -7 - 13. Let a be -2*(-1)/s*-34. Calculate the greatest common factor of a and 153.
17
Let k = 693 + -621. What is the greatest common factor of k and 81?
9
Suppose 0 = -2*k + 4*m + 34, 46 + 10 = 4*k - 5*m. What is the greatest common factor of 27 and k?
9
Suppose -431 - 883 = -9*v + 531. Let b(z) = 81*z**3 + z**2. Let x be b(1). What is the greatest common divisor of x and v?
41
Suppose 44*r = 4057 + 123. Calculate the greatest common factor of r and 209.
19
Let a(n) = -n**2 - 22*n - 22. Let p(r) = r**3 + 3*r**2 - 5*r + 7. Let s be p(-5). Let t be a(s). What is the highest common factor of t and 20?
10
Suppose 5*t - 4*p - 89 = 0, 6*p - 3*p = 4*t - 72. Calculate the greatest common factor of t and 3.
3
Let z be 4/(-8) + 597/(-6). Let o = z + 105. What is the greatest common factor of 5 and o?
5
Let j be (3/(-3))/1 + 8. Let r be (-4)/((-8)/(-4)) - -3. Let x be (4 + 0)/(5 - r). Calculate the highest common divisor of x and j.
1
Let y be ((-10)/(-1))/(2/8). Suppose -2*o + 12*c + 16 = 10*c, 4*o - 30 = 5*c. Calculate the highest common divisor of o and y.
10
Suppose -q - 4*q = -5*s - 285, 2*q = -s + 123. Let b be 3*(-3 - q/(-9)). What is the highest common factor of b and 11?
11
Let w = 107 - 55. Let b(u) = 4*u**2 + 10*u + 10. Let a be b(-2). Suppose -a*c = -4*c - w. What is the greatest common factor of c and 65?
13
Suppose 17*l - 116 = 13*l. Calculate the highest common divisor of l and 261.
29
Let h(y) = -y**3 + 3*y**2 + 2*y + 2. Let c be h(3). Let d(s) = -10*s + 42. Let w be d(4). What is the greatest common divisor of c and w?
2
Let t(v) = 57*v - 330. Let g be t(11). What is the greatest common factor of 81 and g?
27
Suppose -8*p + 3*p = -15. Suppose 63 = -p*m + 4*m. Let w(v) = v + 13. Let a be w(-6). What is the greatest common divisor of a and m?
7
Suppose -3*d + 2*x + 234 + 732 = 0, -2*x = 4*d - 1302. Calculate the greatest common divisor of 12 and d.
12
Suppose 10*a = -8*a + 6480. Calculate the highest common divisor of 40 and a.
40
Suppose -3*a - 4*i = -16 - 55, 0 = 3*i - 6. Let b(d) = -d**2 - 6*d + 10. Let p be b(-7). Calculate the greatest common divisor of p and a.
3
Suppose -5*j + 1867 = n - 569, -3*n - 4*j = -7308. Suppose 0 = -4*k + 10*k - n. What is the highest common factor of 58 and k?
58
Let s be 539/(-8085) - (181/(-15) + 0). Calculate the highest common factor of 1632 and s.
12
Let y be (165/2)/1*2. Suppose -5*v = -97 - 203. Suppose 4*k - k + v = 5*b, 4*b - 80 = -4*k. Calculate the highest common factor of y and b.
15
Suppose -172 = -4*o + 2*r - 7*r, -5*o - 5*r = -210. Suppose 538 + 412 = 5*y. What is the greatest common divisor of y and o?
38
Let n be 3/(-3 - (-96)/31). Let a = n + -24. What is the highest common factor of 56 and a?
7
Let z be (-1)/5 - (-61382)/235. What is the greatest common divisor of 29 and z?
29
Suppose 473 = 4*m + 189. Suppose -10 - 33 = -2*g - j, 4*g + 5*j = m. Suppose -2*z = 2*z - 24. Calculate the highest common factor of z and g.
6
Let x be 18/((-1)/((-2)/3)). Suppose 5*c - 2*w + 7*w = 445, -5*c - 3*w + 435 = 0. Calculate the greatest common factor of c and x.
12
Let c(f) = -f**3 - 15*f**2 - 25*f + 9. Let w be c(-13). Let a(b) = -49*b. Let m be a(w). What is the greatest common factor of 28 and m?
28
Suppose 0 = -36*w + 88 + 416. Let u(s) = -s**3 + s**2 - s + 56. Let q be u(0). Calculate the greatest common divisor of q and w.
14
Let d be (8 - 7) + 627 + 0. Suppose 148 = -5*a + d. What is the highest common divisor of 12 and a?
12
Let x(h) be the first derivative of 2*h**3/3 + h**2 - 10*h - 11. Let c be x(4). Calculate the greatest common factor of c and 6.
6
Let b be ((-32)/12)/(28/(-63)). Let t(l) = l + 2*l**2 + l + 2 + 2*l. Let h be t(-2). What is the greatest common factor of h and b?
2
Let h be 21*(136/24 + (-4 - 1)). Calculate the greatest common factor of 49 and h.
7
Let t be 0 + (12 - 1/(-1)). Let o(j) = -41*j - 21. Suppose -q + 11 = -4*n, 4*q - 2*q = -10. Let v be o(n). What is the highest common divisor of v and t?
13
Let q(p) = 14*p**3 - 2*p + 4 - 4*p**3 - 3. Let a be q(1). Let d(x) = x**3 - 9*x**2 - x + 13. Let u be d(a). Calculate the greatest common divisor of 44 and u.
4
Suppose -67*q + 1445 = -50*q. What is the highest common factor of q and 5?
5
Suppose 63*h - 30*h = 100320. What is the highest common divisor of h and 95?
95
Let u be ((-9)/(-12))/((-1)/(-4)). Suppose 4*p - 30 = 5*h, 44 = 4*p + p - u*h. What is the greatest common factor of 4 and p?
2
Let h(j) = -48*j**3 - 6*j**2 - 4*j + 6. Let p be h(-2). Calculate the highest common divisor of p and 34.
34
Suppose -127 + 135 = s. What is the highest common divisor of s and 364?
4
Suppose 89 = 56*x - 23. What is the highest common factor of 17 and x?
1
Suppose 4*f - 2*f - 63 = -5*v, -v = f - 15. Let k = -10 - -11. Let t be (396/(-8))/(k/(-2)). Calculate the highest common factor of v and t.
11
Suppose 5*f = 82 + 83. Let u be (0 + 0 - -1) + 43. Suppose 2*l - u = -2*l. What is the highest common divisor of l and f?
11
Let r be -2142*(-1)/(-11 + 13). Calculate the greatest common factor of r and 238.
119
Let t(r) = -5*r - 3. Let p be t(-5). Let w be 16/6 + 4/(-6). Suppose -w*d + 40 = -2*g, d - g - 86 = -3*d. Calculate the greatest common factor of p and d.
22
Let p = -13 - -53. Let b = -28 + p. Calculate the greatest common divisor of b and 30.
6
Let x be 406/56 + -7 + (-860)/(-16). Let z be 6*-6*(-4)/8. Calculate the highest common factor of x and z.
18
Let n = -46 + 51. What is the highest common divisor of n and 80?
5
Let x be 576/42 - (-2)/7. Suppose -215 - 9 = -8*b. Calculate the greatest common factor of b and x.
14
Let h(x) = 3*x + 3. Let t be h(5). Let r = -83 + 95. Calculate the greatest common factor of t and r.
6
Let y(k) = -k**3 - 2*k**2 + 3*k - 3. Let f be y(-3). Let j be f/((-15)/(-55))*-3. What is the greatest common factor of 297 and j?
33
Let o = -153 + 461. What is the highest common factor of 33 and o?
11
Let l = 46 + -39. Suppose -2*f = -29 + l. What is the highest common divisor of 88 and f?
11
Let j = -66 + 87. Calculate the greatest common divisor of 259 and j.
7
Suppose -254 + 270 = 8*r. What is the highest common factor of r and 10?
2
Let d = -74 - -108. Calculate the greatest common factor of 119 and d.
17
Suppose -30 = -5*k + 10. Suppose -2*u = -218 + k. What is the greatest common factor of u and 21?
21
Suppose -481 = -4*h + 383. Let k be (4/6)/(36/h). Let s be (-1 - 7)*(-14)/4. Calculate the greatest common divisor of s and k.
4
Let p be (9/21)/((-10)/(-910)). What is the greatest common factor of p and 2067?
39
Let x(u) = -u + 23. Suppose -4*n = -3*v + 10, 0 = -v + 3*n - 6*n + 25. Let d be x(v). Suppose 2*r = 4 + 22. What is the greatest common factor of r and d?
13
Suppose 5*g - 384 = -3*i, 0 = 7*g - 8*g + 2*i + 69. Calculate the greatest common factor of 2025 and g.
75
Suppose 6*a = 32*a - 1014. Calculate the highest common factor of a and 559.
13
Let r be 644/8 - ((-91)/(-14))/13. What is the greatest common divisor of r and 150?
10
Let s(p) = p + 1. Let j be s(-1). Let y be j*(-1)/(-2) - -36. Let i(b) = 3*b**3 + 10*b**2 - 5*b. Let q be i(2). Calculate the highest common factor of y and q.
18
Let o(c) = -c + 11. Let t(i) = 1. Let a(d) = o(d) - 6*t(d). Let p be a(0). Let w = 17 - p. What is the highest common factor of w and 84?
12
Let d be -3*42/(-18)*4/14. Let a(l) = 31*l - 14. Let p be a(d). What is the greatest common factor of 16 and p?
16
Let g = 899 + -896. What is the highest common factor of g and 147?
3
Suppose 4*a - 4*u - 8 = -0*a, 5*u - 2 = -a. Let k(g) = 5*g**2 - 3*g**2 + 7*g + 2*g. Let v be k(-6). What is the highest common divisor of a and v?
2
Let p(z) = -z**3 + 12*z**2 + 3*z - 15. Let v be -3*(-8)/(-10)*-5. Let b be p(v). Suppose m - 336 = -m. Calculate the greatest common factor of b and m.
21
Suppose -3*c = 3*n + 153, -105 = 3*n - 3*c + 72. Let m = 17 - n. What is the greatest common factor of m and 12?
12
Let m be 2/11 - (-20)/33*3. Suppose -47 + 7 = 4*g + 5*q, 0 = 2*q - 8. Let j be 16 - g/(-10)*m. What is the highest common factor of j and 52?
13
Suppose 29 = -4*w - 39. Let u = 13 + w. Let o be -1 - -2 - (u + -135). What is the greatest common factor of 28